{"id":9,"date":"2014-07-29T12:03:33","date_gmt":"2014-07-29T12:03:33","guid":{"rendered":"http:\/\/fruitfultheme.com\/?page_id=9"},"modified":"2024-04-22T09:27:11","modified_gmt":"2024-04-22T09:27:11","slug":"studio","status":"publish","type":"page","link":"https:\/\/www.fusspflege-marchfeld.at\/index.php\/studio\/","title":{"rendered":"Studio"},"content":{"rendered":"\t\t<div data-elementor-type=\"wp-page\" data-elementor-id=\"9\" class=\"elementor elementor-9\">\n\t\t\t\t\t\t<section class=\"elementor-section elementor-top-section elementor-element elementor-element-be86eec elementor-section-boxed elementor-section-height-default elementor-section-height-default\" data-id=\"be86eec\" data-element_type=\"section\">\n\t\t\t\t\t\t<div class=\"elementor-container elementor-column-gap-default\">\n\t\t\t\t\t<div class=\"elementor-column elementor-col-100 elementor-top-column elementor-element elementor-element-62b3df7d\" data-id=\"62b3df7d\" data-element_type=\"column\">\n\t\t\t<div class=\"elementor-widget-wrap elementor-element-populated\">\n\t\t\t\t\t\t<div class=\"elementor-element elementor-element-283a277b elementor-widget elementor-widget-text-editor\" data-id=\"283a277b\" data-element_type=\"widget\" data-widget_type=\"text-editor.default\">\n\t\t\t\t<div class=\"elementor-widget-container\">\n\t\t\t\t\t\t\t<h3 style=\"text-align: center; font-weight: 300;\"><strong>Willkommen in unserem Studio in Groi\u00dfenbrunn!<\/strong><\/h3><p style=\"text-align: center;\">Unser Studio ist voll Klimatisiert damit Sie sich auch an ungem\u00fctlichen Tagen entspannen k\u00f6nnen.<\/p><p style=\"text-align: center;\">Das Parken ist direkt vor dem Studio m\u00f6glich.<\/p><p style=\"text-align: center;\">Alle R\u00e4umlichkeiten sind barrierefrei zug\u00e4nglich.<\/p>\t\t\t\t\t\t<\/div>\n\t\t\t\t<\/div>\n\t\t\t\t\t<\/div>\n\t\t<\/div>\n\t\t\t\t\t<\/div>\n\t\t<\/section>\n\t\t\t\t<section class=\"elementor-section elementor-top-section elementor-element elementor-element-074f216 elementor-section-boxed elementor-section-height-default elementor-section-height-default\" data-id=\"074f216\" data-element_type=\"section\">\n\t\t\t\t\t\t<div class=\"elementor-container elementor-column-gap-default\">\n\t\t\t\t\t<div class=\"elementor-column elementor-col-25 elementor-top-column elementor-element elementor-element-5c636aa\" data-id=\"5c636aa\" data-element_type=\"column\">\n\t\t\t<div class=\"elementor-widget-wrap elementor-element-populated\">\n\t\t\t\t\t\t<div class=\"elementor-element elementor-element-90b73f5 elementor-widget elementor-widget-image\" data-id=\"90b73f5\" data-element_type=\"widget\" data-widget_type=\"image.default\">\n\t\t\t\t<div class=\"elementor-widget-container\">\n\t\t\t\t\t\t\t\t\t\t\t\t\t\t<a href=\"https:\/\/www.fusspflege-marchfeld.at\/wp-content\/uploads\/2020\/08\/Warteraum.jpg\" data-elementor-open-lightbox=\"yes\" data-elementor-lightbox-title=\"Warteraum\" data-e-action-hash=\"#elementor-action%3Aaction%3Dlightbox%26settings%3DeyJpZCI6MzU4LCJ1cmwiOiJodHRwczpcL1wvd3d3LmZ1c3NwZmxlZ2UtbWFyY2hmZWxkLmF0XC93cC1jb250ZW50XC91cGxvYWRzXC8yMDIwXC8wOFwvV2FydGVyYXVtLmpwZyJ9\">\n\t\t\t\t\t\t\t<img fetchpriority=\"high\" decoding=\"async\" width=\"960\" height=\"540\" src=\"https:\/\/www.fusspflege-marchfeld.at\/wp-content\/uploads\/2020\/08\/Warteraum-1024x576.jpg\" class=\"attachment-large size-large wp-image-358\" alt=\"\" srcset=\"https:\/\/www.fusspflege-marchfeld.at\/wp-content\/uploads\/2020\/08\/Warteraum-1024x576.jpg 1024w, https:\/\/www.fusspflege-marchfeld.at\/wp-content\/uploads\/2020\/08\/Warteraum-300x169.jpg 300w, https:\/\/www.fusspflege-marchfeld.at\/wp-content\/uploads\/2020\/08\/Warteraum-768x432.jpg 768w\" sizes=\"(max-width: 960px) 100vw, 960px\" \/>\t\t\t\t\t\t\t\t<\/a>\n\t\t\t\t\t\t\t\t\t\t\t\t\t<\/div>\n\t\t\t\t<\/div>\n\t\t\t\t\t<\/div>\n\t\t<\/div>\n\t\t\t\t<div class=\"elementor-column elementor-col-25 elementor-top-column elementor-element elementor-element-480e426\" data-id=\"480e426\" data-element_type=\"column\">\n\t\t\t<div class=\"elementor-widget-wrap elementor-element-populated\">\n\t\t\t\t\t\t<div class=\"elementor-element elementor-element-7a381e1 elementor-widget elementor-widget-image\" data-id=\"7a381e1\" data-element_type=\"widget\" data-widget_type=\"image.default\">\n\t\t\t\t<div class=\"elementor-widget-container\">\n\t\t\t\t\t\t\t\t\t\t\t\t\t\t<a href=\"https:\/\/www.fusspflege-marchfeld.at\/wp-content\/uploads\/2020\/08\/Warteraum-Couch.jpg\" data-elementor-open-lightbox=\"yes\" data-elementor-lightbox-title=\"Warteraum Couch\" data-e-action-hash=\"#elementor-action%3Aaction%3Dlightbox%26settings%3DeyJpZCI6MzU5LCJ1cmwiOiJodHRwczpcL1wvd3d3LmZ1c3NwZmxlZ2UtbWFyY2hmZWxkLmF0XC93cC1jb250ZW50XC91cGxvYWRzXC8yMDIwXC8wOFwvV2FydGVyYXVtLUNvdWNoLmpwZyJ9\">\n\t\t\t\t\t\t\t<img decoding=\"async\" width=\"960\" height=\"540\" src=\"https:\/\/www.fusspflege-marchfeld.at\/wp-content\/uploads\/2020\/08\/Warteraum-Couch-1024x576.jpg\" class=\"attachment-large size-large wp-image-359\" alt=\"\" srcset=\"https:\/\/www.fusspflege-marchfeld.at\/wp-content\/uploads\/2020\/08\/Warteraum-Couch-1024x576.jpg 1024w, https:\/\/www.fusspflege-marchfeld.at\/wp-content\/uploads\/2020\/08\/Warteraum-Couch-300x169.jpg 300w, https:\/\/www.fusspflege-marchfeld.at\/wp-content\/uploads\/2020\/08\/Warteraum-Couch-768x432.jpg 768w\" sizes=\"(max-width: 960px) 100vw, 960px\" \/>\t\t\t\t\t\t\t\t<\/a>\n\t\t\t\t\t\t\t\t\t\t\t\t\t<\/div>\n\t\t\t\t<\/div>\n\t\t\t\t\t<\/div>\n\t\t<\/div>\n\t\t\t\t<div class=\"elementor-column elementor-col-25 elementor-top-column elementor-element elementor-element-760e4c1\" data-id=\"760e4c1\" data-element_type=\"column\">\n\t\t\t<div class=\"elementor-widget-wrap elementor-element-populated\">\n\t\t\t\t\t\t<div class=\"elementor-element elementor-element-6e52c9b elementor-widget elementor-widget-image\" data-id=\"6e52c9b\" data-element_type=\"widget\" data-widget_type=\"image.default\">\n\t\t\t\t<div class=\"elementor-widget-container\">\n\t\t\t\t\t\t\t\t\t\t\t\t\t\t<a href=\"https:\/\/www.fusspflege-marchfeld.at\/wp-content\/uploads\/2020\/08\/Behandlungszimmer.jpg\" data-elementor-open-lightbox=\"yes\" data-elementor-lightbox-title=\"Behandlungszimmer\" data-e-action-hash=\"#elementor-action%3Aaction%3Dlightbox%26settings%3DeyJpZCI6MzYwLCJ1cmwiOiJodHRwczpcL1wvd3d3LmZ1c3NwZmxlZ2UtbWFyY2hmZWxkLmF0XC93cC1jb250ZW50XC91cGxvYWRzXC8yMDIwXC8wOFwvQmVoYW5kbHVuZ3N6aW1tZXIuanBnIn0%3D\">\n\t\t\t\t\t\t\t<img decoding=\"async\" width=\"960\" height=\"540\" src=\"https:\/\/www.fusspflege-marchfeld.at\/wp-content\/uploads\/2020\/08\/Behandlungszimmer-1024x576.jpg\" class=\"attachment-large size-large wp-image-360\" alt=\"\" srcset=\"https:\/\/www.fusspflege-marchfeld.at\/wp-content\/uploads\/2020\/08\/Behandlungszimmer-1024x576.jpg 1024w, https:\/\/www.fusspflege-marchfeld.at\/wp-content\/uploads\/2020\/08\/Behandlungszimmer-300x169.jpg 300w, https:\/\/www.fusspflege-marchfeld.at\/wp-content\/uploads\/2020\/08\/Behandlungszimmer-768x432.jpg 768w\" sizes=\"(max-width: 960px) 100vw, 960px\" \/>\t\t\t\t\t\t\t\t<\/a>\n\t\t\t\t\t\t\t\t\t\t\t\t\t<\/div>\n\t\t\t\t<\/div>\n\t\t\t\t\t<\/div>\n\t\t<\/div>\n\t\t\t\t<div class=\"elementor-column elementor-col-25 elementor-top-column elementor-element elementor-element-6ce151c\" data-id=\"6ce151c\" data-element_type=\"column\">\n\t\t\t<div class=\"elementor-widget-wrap elementor-element-populated\">\n\t\t\t\t\t\t<div class=\"elementor-element elementor-element-808c4c7 elementor-widget elementor-widget-image\" data-id=\"808c4c7\" data-element_type=\"widget\" data-widget_type=\"image.default\">\n\t\t\t\t<div class=\"elementor-widget-container\">\n\t\t\t\t\t\t\t\t\t\t\t\t\t\t<a href=\"https:\/\/www.fusspflege-marchfeld.at\/wp-content\/uploads\/2020\/08\/Warteraum-Couch-2.jpg\" data-elementor-open-lightbox=\"yes\" data-elementor-lightbox-title=\"Warteraum Couch 2\" data-e-action-hash=\"#elementor-action%3Aaction%3Dlightbox%26settings%3DeyJpZCI6MzYxLCJ1cmwiOiJodHRwczpcL1wvd3d3LmZ1c3NwZmxlZ2UtbWFyY2hmZWxkLmF0XC93cC1jb250ZW50XC91cGxvYWRzXC8yMDIwXC8wOFwvV2FydGVyYXVtLUNvdWNoLTIuanBnIn0%3D\">\n\t\t\t\t\t\t\t<img loading=\"lazy\" decoding=\"async\" width=\"960\" height=\"540\" src=\"https:\/\/www.fusspflege-marchfeld.at\/wp-content\/uploads\/2020\/08\/Warteraum-Couch-2-1024x576.jpg\" class=\"attachment-large size-large wp-image-361\" alt=\"\" srcset=\"https:\/\/www.fusspflege-marchfeld.at\/wp-content\/uploads\/2020\/08\/Warteraum-Couch-2-1024x576.jpg 1024w, https:\/\/www.fusspflege-marchfeld.at\/wp-content\/uploads\/2020\/08\/Warteraum-Couch-2-300x169.jpg 300w, https:\/\/www.fusspflege-marchfeld.at\/wp-content\/uploads\/2020\/08\/Warteraum-Couch-2-768x432.jpg 768w\" sizes=\"(max-width: 960px) 100vw, 960px\" \/>\t\t\t\t\t\t\t\t<\/a>\n\t\t\t\t\t\t\t\t\t\t\t\t\t<\/div>\n\t\t\t\t<\/div>\n\t\t\t\t\t<\/div>\n\t\t<\/div>\n\t\t\t\t\t<\/div>\n\t\t<\/section>\n\t\t\t\t<section class=\"elementor-section elementor-top-section elementor-element elementor-element-a0a8d98 elementor-section-boxed elementor-section-height-default elementor-section-height-default\" data-id=\"a0a8d98\" data-element_type=\"section\">\n\t\t\t\t\t\t<div class=\"elementor-container elementor-column-gap-default\">\n\t\t\t\t\t<div class=\"elementor-column elementor-col-25 elementor-top-column elementor-element elementor-element-2e4f28e\" data-id=\"2e4f28e\" data-element_type=\"column\">\n\t\t\t<div class=\"elementor-widget-wrap elementor-element-populated\">\n\t\t\t\t\t\t<div class=\"elementor-element elementor-element-cb54c95 elementor-widget elementor-widget-image\" data-id=\"cb54c95\" data-element_type=\"widget\" data-widget_type=\"image.default\">\n\t\t\t\t<div class=\"elementor-widget-container\">\n\t\t\t\t\t\t\t\t\t\t\t\t\t\t<a href=\"https:\/\/www.fusspflege-marchfeld.at\/wp-content\/uploads\/2020\/08\/IMG_0087.jpg\" data-elementor-open-lightbox=\"yes\" data-elementor-lightbox-title=\"IMG_0087\" data-e-action-hash=\"#elementor-action%3Aaction%3Dlightbox%26settings%3DeyJpZCI6MzYzLCJ1cmwiOiJodHRwczpcL1wvd3d3LmZ1c3NwZmxlZ2UtbWFyY2hmZWxkLmF0XC93cC1jb250ZW50XC91cGxvYWRzXC8yMDIwXC8wOFwvSU1HXzAwODcuanBnIn0%3D\">\n\t\t\t\t\t\t\t<img loading=\"lazy\" decoding=\"async\" width=\"768\" height=\"512\" src=\"https:\/\/www.fusspflege-marchfeld.at\/wp-content\/uploads\/2020\/08\/IMG_0087-768x512.jpg\" class=\"attachment-medium_large size-medium_large wp-image-363\" alt=\"\" srcset=\"https:\/\/www.fusspflege-marchfeld.at\/wp-content\/uploads\/2020\/08\/IMG_0087-768x512.jpg 768w, https:\/\/www.fusspflege-marchfeld.at\/wp-content\/uploads\/2020\/08\/IMG_0087-300x200.jpg 300w, https:\/\/www.fusspflege-marchfeld.at\/wp-content\/uploads\/2020\/08\/IMG_0087-1024x683.jpg 1024w\" sizes=\"(max-width: 768px) 100vw, 768px\" \/>\t\t\t\t\t\t\t\t<\/a>\n\t\t\t\t\t\t\t\t\t\t\t\t\t<\/div>\n\t\t\t\t<\/div>\n\t\t\t\t\t<\/div>\n\t\t<\/div>\n\t\t\t\t<div class=\"elementor-column elementor-col-25 elementor-top-column elementor-element elementor-element-d8846e2\" data-id=\"d8846e2\" data-element_type=\"column\">\n\t\t\t<div class=\"elementor-widget-wrap elementor-element-populated\">\n\t\t\t\t\t\t<div class=\"elementor-element elementor-element-dc63f62 elementor-widget elementor-widget-image\" data-id=\"dc63f62\" data-element_type=\"widget\" data-widget_type=\"image.default\">\n\t\t\t\t<div class=\"elementor-widget-container\">\n\t\t\t\t\t\t\t\t\t\t\t\t\t\t<a href=\"https:\/\/www.fusspflege-marchfeld.at\/wp-content\/uploads\/2020\/08\/IMG_0092.jpg\" data-elementor-open-lightbox=\"yes\" data-elementor-lightbox-title=\"IMG_0092\" data-e-action-hash=\"#elementor-action%3Aaction%3Dlightbox%26settings%3DeyJpZCI6MzY0LCJ1cmwiOiJodHRwczpcL1wvd3d3LmZ1c3NwZmxlZ2UtbWFyY2hmZWxkLmF0XC93cC1jb250ZW50XC91cGxvYWRzXC8yMDIwXC8wOFwvSU1HXzAwOTIuanBnIn0%3D\">\n\t\t\t\t\t\t\t<img loading=\"lazy\" decoding=\"async\" width=\"960\" height=\"640\" src=\"https:\/\/www.fusspflege-marchfeld.at\/wp-content\/uploads\/2020\/08\/IMG_0092-1024x683.jpg\" class=\"attachment-large size-large wp-image-364\" alt=\"\" srcset=\"https:\/\/www.fusspflege-marchfeld.at\/wp-content\/uploads\/2020\/08\/IMG_0092-1024x683.jpg 1024w, https:\/\/www.fusspflege-marchfeld.at\/wp-content\/uploads\/2020\/08\/IMG_0092-300x200.jpg 300w, https:\/\/www.fusspflege-marchfeld.at\/wp-content\/uploads\/2020\/08\/IMG_0092-768x512.jpg 768w\" sizes=\"(max-width: 960px) 100vw, 960px\" \/>\t\t\t\t\t\t\t\t<\/a>\n\t\t\t\t\t\t\t\t\t\t\t\t\t<\/div>\n\t\t\t\t<\/div>\n\t\t\t\t\t<\/div>\n\t\t<\/div>\n\t\t\t\t<div class=\"elementor-column elementor-col-25 elementor-top-column elementor-element elementor-element-fd1db6a\" data-id=\"fd1db6a\" data-element_type=\"column\">\n\t\t\t<div class=\"elementor-widget-wrap elementor-element-populated\">\n\t\t\t\t\t\t<div class=\"elementor-element elementor-element-83f4d60 elementor-widget elementor-widget-image\" data-id=\"83f4d60\" data-element_type=\"widget\" data-widget_type=\"image.default\">\n\t\t\t\t<div class=\"elementor-widget-container\">\n\t\t\t\t\t\t\t\t\t\t\t\t\t\t<a href=\"https:\/\/www.fusspflege-marchfeld.at\/wp-content\/uploads\/2020\/08\/IMG_0097.jpg\" data-elementor-open-lightbox=\"yes\" data-elementor-lightbox-title=\"IMG_0097\" data-e-action-hash=\"#elementor-action%3Aaction%3Dlightbox%26settings%3DeyJpZCI6MzY1LCJ1cmwiOiJodHRwczpcL1wvd3d3LmZ1c3NwZmxlZ2UtbWFyY2hmZWxkLmF0XC93cC1jb250ZW50XC91cGxvYWRzXC8yMDIwXC8wOFwvSU1HXzAwOTcuanBnIn0%3D\">\n\t\t\t\t\t\t\t<img loading=\"lazy\" decoding=\"async\" width=\"768\" height=\"512\" src=\"https:\/\/www.fusspflege-marchfeld.at\/wp-content\/uploads\/2020\/08\/IMG_0097-768x512.jpg\" class=\"attachment-medium_large size-medium_large wp-image-365\" alt=\"\" srcset=\"https:\/\/www.fusspflege-marchfeld.at\/wp-content\/uploads\/2020\/08\/IMG_0097-768x512.jpg 768w, https:\/\/www.fusspflege-marchfeld.at\/wp-content\/uploads\/2020\/08\/IMG_0097-300x200.jpg 300w, https:\/\/www.fusspflege-marchfeld.at\/wp-content\/uploads\/2020\/08\/IMG_0097-1024x683.jpg 1024w\" sizes=\"(max-width: 768px) 100vw, 768px\" \/>\t\t\t\t\t\t\t\t<\/a>\n\t\t\t\t\t\t\t\t\t\t\t\t\t<\/div>\n\t\t\t\t<\/div>\n\t\t\t\t\t<\/div>\n\t\t<\/div>\n\t\t\t\t<div class=\"elementor-column elementor-col-25 elementor-top-column elementor-element elementor-element-d09fb0f\" data-id=\"d09fb0f\" data-element_type=\"column\">\n\t\t\t<div class=\"elementor-widget-wrap elementor-element-populated\">\n\t\t\t\t\t\t<div class=\"elementor-element elementor-element-f1388b4 elementor-widget elementor-widget-image\" data-id=\"f1388b4\" data-element_type=\"widget\" data-widget_type=\"image.default\">\n\t\t\t\t<div class=\"elementor-widget-container\">\n\t\t\t\t\t\t\t\t\t\t\t\t\t\t<a href=\"https:\/\/www.fusspflege-marchfeld.at\/wp-content\/uploads\/2020\/08\/IMG_0098.jpg\" data-elementor-open-lightbox=\"yes\" data-elementor-lightbox-title=\"IMG_0098\" data-e-action-hash=\"#elementor-action%3Aaction%3Dlightbox%26settings%3DeyJpZCI6MzY2LCJ1cmwiOiJodHRwczpcL1wvd3d3LmZ1c3NwZmxlZ2UtbWFyY2hmZWxkLmF0XC93cC1jb250ZW50XC91cGxvYWRzXC8yMDIwXC8wOFwvSU1HXzAwOTguanBnIn0%3D\">\n\t\t\t\t\t\t\t<img loading=\"lazy\" decoding=\"async\" width=\"768\" height=\"512\" src=\"https:\/\/www.fusspflege-marchfeld.at\/wp-content\/uploads\/2020\/08\/IMG_0098-768x512.jpg\" class=\"attachment-medium_large size-medium_large wp-image-366\" alt=\"\" srcset=\"https:\/\/www.fusspflege-marchfeld.at\/wp-content\/uploads\/2020\/08\/IMG_0098-768x512.jpg 768w, https:\/\/www.fusspflege-marchfeld.at\/wp-content\/uploads\/2020\/08\/IMG_0098-300x200.jpg 300w, https:\/\/www.fusspflege-marchfeld.at\/wp-content\/uploads\/2020\/08\/IMG_0098-1024x683.jpg 1024w\" sizes=\"(max-width: 768px) 100vw, 768px\" \/>\t\t\t\t\t\t\t\t<\/a>\n\t\t\t\t\t\t\t\t\t\t\t\t\t<\/div>\n\t\t\t\t<\/div>\n\t\t\t\t\t<\/div>\n\t\t<\/div>\n\t\t\t\t\t<\/div>\n\t\t<\/section>\n\t\t\t\t<\/div>\n\t\t","protected":false},"excerpt":{"rendered":"<p>Willkommen in unserem Studio in Groi\u00dfenbrunn! Unser Studio ist voll Klimatisiert damit Sie sich auch an ungem\u00fctlichen Tagen entspannen k\u00f6nnen. Das Parken ist direkt vor dem Studio m\u00f6glich. Alle R\u00e4umlichkeiten sind barrierefrei zug\u00e4nglich.<\/p>\n","protected":false},"author":1,"featured_media":0,"parent":0,"menu_order":0,"comment_status":"open","ping_status":"open","template":"","meta":{"footnotes":""},"yoast_head":"<!-- This site is optimized with the Yoast SEO plugin v22.5 - https:\/\/yoast.com\/wordpress\/plugins\/seo\/ -->\n<title>Studio - Fu\u00dfpflege im Machfeld<\/title>\n<meta name=\"robots\" content=\"index, follow, max-snippet:-1, max-image-preview:large, max-video-preview:-1\" \/>\n<link rel=\"canonical\" href=\"http:\/\/www.fusspflege-marchfeld.at\/index.php\/studio\/\" \/>\n<meta property=\"og:locale\" content=\"de_DE\" \/>\n<meta property=\"og:type\" content=\"article\" \/>\n<meta property=\"og:title\" content=\"Studio - Fu\u00dfpflege im Machfeld\" \/>\n<meta property=\"og:description\" content=\"Willkommen in unserem Studio in Groi\u00dfenbrunn! Unser Studio ist voll Klimatisiert damit Sie sich auch an ungem\u00fctlichen Tagen entspannen k\u00f6nnen. Das Parken ist direkt vor dem Studio m\u00f6glich. Alle R\u00e4umlichkeiten sind barrierefrei zug\u00e4nglich.\" \/>\n<meta property=\"og:url\" content=\"http:\/\/www.fusspflege-marchfeld.at\/index.php\/studio\/\" \/>\n<meta property=\"og:site_name\" content=\"Fu\u00dfpflege im Machfeld\" \/>\n<meta property=\"article:modified_time\" content=\"2024-04-22T09:27:11+00:00\" \/>\n<meta property=\"og:image\" content=\"https:\/\/www.fusspflege-marchfeld.at\/wp-content\/uploads\/2020\/08\/Warteraum-1024x576.jpg\" \/>\n<meta name=\"twitter:label1\" content=\"Gesch\u00e4tzte Lesezeit\" \/>\n\t<meta name=\"twitter:data1\" content=\"2\u00a0Minuten\" \/>\n<script type=\"application\/ld+json\" class=\"yoast-schema-graph\">{\"@context\":\"https:\/\/schema.org\",\"@graph\":[{\"@type\":\"WebPage\",\"@id\":\"http:\/\/www.fusspflege-marchfeld.at\/index.php\/studio\/\",\"url\":\"http:\/\/www.fusspflege-marchfeld.at\/index.php\/studio\/\",\"name\":\"Studio - Fu\u00dfpflege im Machfeld\",\"isPartOf\":{\"@id\":\"https:\/\/www.fusspflege-marchfeld.at\/index.php\/#website\"},\"primaryImageOfPage\":{\"@id\":\"http:\/\/www.fusspflege-marchfeld.at\/index.php\/studio\/#primaryimage\"},\"image\":{\"@id\":\"http:\/\/www.fusspflege-marchfeld.at\/index.php\/studio\/#primaryimage\"},\"thumbnailUrl\":\"https:\/\/www.fusspflege-marchfeld.at\/wp-content\/uploads\/2020\/08\/Warteraum-1024x576.jpg\",\"datePublished\":\"2014-07-29T12:03:33+00:00\",\"dateModified\":\"2024-04-22T09:27:11+00:00\",\"breadcrumb\":{\"@id\":\"http:\/\/www.fusspflege-marchfeld.at\/index.php\/studio\/#breadcrumb\"},\"inLanguage\":\"de\",\"potentialAction\":[{\"@type\":\"ReadAction\",\"target\":[\"http:\/\/www.fusspflege-marchfeld.at\/index.php\/studio\/\"]}]},{\"@type\":\"ImageObject\",\"inLanguage\":\"de\",\"@id\":\"http:\/\/www.fusspflege-marchfeld.at\/index.php\/studio\/#primaryimage\",\"url\":\"https:\/\/www.fusspflege-marchfeld.at\/wp-content\/uploads\/2020\/08\/Warteraum-1024x576.jpg\",\"contentUrl\":\"https:\/\/www.fusspflege-marchfeld.at\/wp-content\/uploads\/2020\/08\/Warteraum-1024x576.jpg\"},{\"@type\":\"BreadcrumbList\",\"@id\":\"http:\/\/www.fusspflege-marchfeld.at\/index.php\/studio\/#breadcrumb\",\"itemListElement\":[{\"@type\":\"ListItem\",\"position\":1,\"name\":\"Home\",\"item\":\"https:\/\/www.fusspflege-marchfeld.at\/index.php\/\"},{\"@type\":\"ListItem\",\"position\":2,\"name\":\"Studio\"}]},{\"@type\":\"WebSite\",\"@id\":\"https:\/\/www.fusspflege-marchfeld.at\/index.php\/#website\",\"url\":\"https:\/\/www.fusspflege-marchfeld.at\/index.php\/\",\"name\":\"Fu\u00dfpflege im Machfeld\",\"description\":\"Meisterbetrieb Katharina Edinger\",\"potentialAction\":[{\"@type\":\"SearchAction\",\"target\":{\"@type\":\"EntryPoint\",\"urlTemplate\":\"https:\/\/www.fusspflege-marchfeld.at\/index.php\/?s={search_term_string}\"},\"query-input\":\"required name=search_term_string\"}],\"inLanguage\":\"de\"}]}<\/script>\n<!-- \/ Yoast SEO plugin. -->","yoast_head_json":{"title":"Studio - Fu\u00dfpflege im Machfeld","robots":{"index":"index","follow":"follow","max-snippet":"max-snippet:-1","max-image-preview":"max-image-preview:large","max-video-preview":"max-video-preview:-1"},"canonical":"http:\/\/www.fusspflege-marchfeld.at\/index.php\/studio\/","og_locale":"de_DE","og_type":"article","og_title":"Studio - Fu\u00dfpflege im Machfeld","og_description":"Willkommen in unserem Studio in Groi\u00dfenbrunn! Unser Studio ist voll Klimatisiert damit Sie sich auch an ungem\u00fctlichen Tagen entspannen k\u00f6nnen. Das Parken ist direkt vor dem Studio m\u00f6glich. Alle R\u00e4umlichkeiten sind barrierefrei zug\u00e4nglich.","og_url":"http:\/\/www.fusspflege-marchfeld.at\/index.php\/studio\/","og_site_name":"Fu\u00dfpflege im Machfeld","article_modified_time":"2024-04-22T09:27:11+00:00","og_image":[{"url":"https:\/\/www.fusspflege-marchfeld.at\/wp-content\/uploads\/2020\/08\/Warteraum-1024x576.jpg"}],"twitter_misc":{"Gesch\u00e4tzte Lesezeit":"2\u00a0Minuten"},"schema":{"@context":"https:\/\/schema.org","@graph":[{"@type":"WebPage","@id":"http:\/\/www.fusspflege-marchfeld.at\/index.php\/studio\/","url":"http:\/\/www.fusspflege-marchfeld.at\/index.php\/studio\/","name":"Studio - Fu\u00dfpflege im Machfeld","isPartOf":{"@id":"https:\/\/www.fusspflege-marchfeld.at\/index.php\/#website"},"primaryImageOfPage":{"@id":"http:\/\/www.fusspflege-marchfeld.at\/index.php\/studio\/#primaryimage"},"image":{"@id":"http:\/\/www.fusspflege-marchfeld.at\/index.php\/studio\/#primaryimage"},"thumbnailUrl":"https:\/\/www.fusspflege-marchfeld.at\/wp-content\/uploads\/2020\/08\/Warteraum-1024x576.jpg","datePublished":"2014-07-29T12:03:33+00:00","dateModified":"2024-04-22T09:27:11+00:00","breadcrumb":{"@id":"http:\/\/www.fusspflege-marchfeld.at\/index.php\/studio\/#breadcrumb"},"inLanguage":"de","potentialAction":[{"@type":"ReadAction","target":["http:\/\/www.fusspflege-marchfeld.at\/index.php\/studio\/"]}]},{"@type":"ImageObject","inLanguage":"de","@id":"http:\/\/www.fusspflege-marchfeld.at\/index.php\/studio\/#primaryimage","url":"https:\/\/www.fusspflege-marchfeld.at\/wp-content\/uploads\/2020\/08\/Warteraum-1024x576.jpg","contentUrl":"https:\/\/www.fusspflege-marchfeld.at\/wp-content\/uploads\/2020\/08\/Warteraum-1024x576.jpg"},{"@type":"BreadcrumbList","@id":"http:\/\/www.fusspflege-marchfeld.at\/index.php\/studio\/#breadcrumb","itemListElement":[{"@type":"ListItem","position":1,"name":"Home","item":"https:\/\/www.fusspflege-marchfeld.at\/index.php\/"},{"@type":"ListItem","position":2,"name":"Studio"}]},{"@type":"WebSite","@id":"https:\/\/www.fusspflege-marchfeld.at\/index.php\/#website","url":"https:\/\/www.fusspflege-marchfeld.at\/index.php\/","name":"Fu\u00dfpflege im Machfeld","description":"Meisterbetrieb Katharina Edinger","potentialAction":[{"@type":"SearchAction","target":{"@type":"EntryPoint","urlTemplate":"https:\/\/www.fusspflege-marchfeld.at\/index.php\/?s={search_term_string}"},"query-input":"required name=search_term_string"}],"inLanguage":"de"}]}},"_links":{"self":[{"href":"https:\/\/www.fusspflege-marchfeld.at\/index.php\/wp-json\/wp\/v2\/pages\/9"}],"collection":[{"href":"https:\/\/www.fusspflege-marchfeld.at\/index.php\/wp-json\/wp\/v2\/pages"}],"about":[{"href":"https:\/\/www.fusspflege-marchfeld.at\/index.php\/wp-json\/wp\/v2\/types\/page"}],"author":[{"embeddable":true,"href":"https:\/\/www.fusspflege-marchfeld.at\/index.php\/wp-json\/wp\/v2\/users\/1"}],"replies":[{"embeddable":true,"href":"https:\/\/www.fusspflege-marchfeld.at\/index.php\/wp-json\/wp\/v2\/comments?post=9"}],"version-history":[{"count":27,"href":"https:\/\/www.fusspflege-marchfeld.at\/index.php\/wp-json\/wp\/v2\/pages\/9\/revisions"}],"predecessor-version":[{"id":395,"href":"https:\/\/www.fusspflege-marchfeld.at\/index.php\/wp-json\/wp\/v2\/pages\/9\/revisions\/395"}],"wp:attachment":[{"href":"https:\/\/www.fusspflege-marchfeld.at\/index.php\/wp-json\/wp\/v2\/media?parent=9"}],"curies":[{"name":"wp","href":"https:\/\/api.w.org\/{rel}","templated":true}]}}